et j(v) = 744*v + 3712. Determine j(-5).
-8
Let t(p) = -3*p**2 + 16*p - 24. Calculate t(4).
-8
Let w(n) = 3*n**2 + 11*n - 40. Give w(-6).
2
Let t(z) = 2*z**2 + 5*z - 75. Calculate t(-9).
42
Let g(x) = -290*x - 693. What is g(-3)?
177
Let d(v) = -2*v**3 - 29*v**2 - 11*v + 6. Determine d(-14).
-36
Let h(y) = -507*y - 9629. What is h(-19)?
4
Let d(t) = t**3 - 13*t**2 + 8*t + 21. Determine d(6).
-183
Let i(j) = 2*j**3 + 37*j**2 - 32*j - 11. What is i(-19)?
236
Let c(a) = 285*a - 66694. Determine c(234).
-4
Let a(z) = -9*z + 574. Calculate a(53).
97
Let s(i) = 92*i - 2264. Give s(26).
128
Let o(a) = -3*a**2 + 36*a + 1199. Calculate o(-15).
-16
Let n(u) = -2*u**3 + 3*u**2 - 3*u - 1. Determine n(5).
-191
Let u(f) = f**3 + 15*f**2 + 3*f - 160. Determine u(-14).
-6
Let a(s) = -s + 6. What is a(-12)?
18
Let j(o) = 2*o**3 - 343*o**2 + 171*o - 4. Determine j(171).
-4
Let b(p) = -2*p**3 + 28*p**2 - 221*p + 2527. What is b(13)?
-8
Let d(s) = 3*s**3 - 17*s**2 + 3*s + 17. Calculate d(5).
-18
Let i(r) = 167*r**2 + 4*r - 5. What is i(1)?
166
Let t(y) = -y**2 - 61*y + 1459. Calculate t(-79).
37
Let k(n) = -152*n + 408. Give k(5).
-352
Let c(w) = w**3 - 200*w**2 - 14966*w + 513. What is c(258)?
-3
Let g(z) = 33*z**2 - 37*z - 38. What is g(-1)?
32
Let v(g) = 4*g**3 + 11*g**2 + 17*g - 12. Give v(-3).
-72
Let p(j) = -j**3 - 152*j**2 - 179*j - 4222. Calculate p(-151).
6
Let a(h) = 12*h - 315. Calculate a(23).
-39
Let o(p) = 580*p - 9270. Determine o(16).
10
Let q(c) = 2*c**3 - 44*c**2 - 5*c + 105. Determine q(22).
-5
Let h(n) = -n**2 + 27*n - 129. Determine h(25).
-79
Let v(t) = 3*t**2 + 221*t + 1841. Give v(-8).
265
Let y(g) = 17*g**2 + 2*g + 1. Determine y(-2).
65
Let s(j) = -29*j - 391. What is s(-13)?
-14
Let t(o) = 41*o - 467. Give t(11).
-16
Let o(h) = 116*h + 588. Give o(-5).
8
Let y(g) = g**3 - 6*g**2 - 7*g. Determine y(9).
180
Let p(y) = -y**3 + 30*y**2 - 207*y - 25. Determine p(19).
13
Let i(m) = 121*m**3 + 53*m - 52. Calculate i(1).
122
Let n(c) = -4*c**2 - 76*c - 61. Calculate n(-18).
11
Let d(t) = -4*t**2 + 65*t - 244. Give d(11).
-13
Let d(z) = -2*z**3 + 5*z**2 - 17*z + 21. Give d(3).
-39
Let f(l) = -l**3 + 20*l**2 + 78*l - 160. Calculate f(23).
47
Let v(x) = 2*x**2 + 3*x + 82. What is v(-9)?
217
Let f(o) = 13*o**2 - 21*o + 21. Give f(-6).
615
Let x(y) = -156*y + 466. Calculate x(12).
-1406
Let p(i) = -141*i**2 + 52*i - 41. Determine p(1).
-130
Let s(x) = 2*x**2 - 7*x - 495. Calculate s(-14).
-5
Let d(w) = w**2 - 18*w - 282. Calculate d(-10).
-2
Let i(d) = 75*d + 754. Determine i(-10).
4
Let d(r) = -76*r**3 - 32*r**2 - 25*r + 7. Give d(-1).
76
Let h(t) = -t**3 - 5*t**2 - 5*t - 20. Calculate h(-4).
-16
Let o(u) = -71*u - 40. Determine o(-4).
244
Let o(n) = -n**3 + 8*n**2 - 43*n - 55. Calculate o(7).
-307
Let m(a) = -3*a**2 - 144*a - 405. What is m(-45)?
0
Let m(d) = -64*d**2 - 3*d + 3. Calculate m(1).
-64
Let j(h) = h**3 + 6*h**2 + 35*h + 82. Calculate j(-3).
4
Let b(f) = 43*f - 491. Determine b(16).
197
Let m(u) = -2*u**2 + 69*u - 74. Calculate m(31).
143
Let v(t) = t**3 - 24*t**2 + 15*t - 48. Determine v(23).
-232
Let l(f) = 2*f**3 - 86*f**2 - 86*f - 93. Determine l(44).
-5
Let p(k) = -245*k + 8815. Determine p(36).
-5
Let u(g) = -55*g**2 + 5118*g - 287. Give u(93).
-8
Let x(b) = 41*b + 241. What is x(-7)?
-46
Let o(b) = -2*b**2 - 861*b + 5235. What is o(6)?
-3
Let h(i) = 42*i - 23. Give h(11).
439
Let q(r) = -r**2 - 116*r - 952. What is q(-9)?
11
Let m(n) = n**3 + 155*n**2 - 636*n - 57. Give m(-159).
-57
Let h(p) = 24000*p + 551995. Calculate h(-23).
-5
Let m(x) = 4*x**3 - 31*x**2 + 25*x - 28. Determine m(7).
0
Let a(i) = 3118*i - 183968. Give a(59).
-6
Let m(c) = -28*c - 526. Calculate m(-6).
-358
Let w(j) = -13*j + 1018. What is w(77)?
17
Let c(o) = 13954*o - 181402. What is c(13)?
0
Let k(x) = -11*x - 150. Calculate k(-17).
37
Let m(j) = -4*j**3 + 48*j**2 - 102*j - 55. What is m(9)?
-1
Let v(y) = 14*y - 52. What is v(4)?
4
Let i(d) = -8*d**2 + 4*d + 8. Give i(4).
-104
Let p(j) = 21*j + 410. What is p(-28)?
-178
Let a(j) = -j**2 - 11*j + 627. What is a(20)?
7
Let r(i) = -4*i**2 - 308*i - 204. Determine r(-78).
-516
Let p(w) = -w**2 + 83*w - 251. Give p(3).
-11
Let q(s) = s**2 - 48*s + 351. Give q(10).
-29
Let v(s) = s**2 + 31*s + 27. Calculate v(-30).
-3
Let j(o) = 9942*o + 367855. Give j(-37).
1
Let f(y) = 11*y**2 - 23*y - 26. Calculate f(-1).
8
Let d(m) = m**3 + 7*m**2 - 22*m - 35. Give d(-9).
1
Let g(m) = 219*m + 8543. What is g(-39)?
2
Let c(s) = -29567*s + 177405. Determine c(6).
3
Let o(i) = -i**2 - 450*i - 6947. Give o(-16).
-3
Let z(p) = -p**2 + 23*p + 378. Calculate z(26).
300
Let b(r) = -4*r**2 + 16*r + 457. What is b(-9)?
-11
Let w(c) = c**3 - 5*c**2 + 72*c - 253. Determine w(4).
19
Let i(q) = 55*q - 431. Calculate i(8).
9
Let n(s) = s**2 + 57*s - 1251. Calculate n(17).
7
Let g(n) = -4*n**2 - 502*n - 2864. Determine g(-6).
4
Let i(u) = -u**3 + 6*u**2 + 59*u - 35. Determine i(11).
9
Let f(j) = -12*j**2 + 40*j - 3. Calculate f(4).
-35
Let q(m) = -5*m**2 + 100*m - 100. Give q(19).
-5
Let y(l) = -2*l**2 - l + 56. Give y(8).
-80
Let q(a) = -128*a - 3584. Give q(-28).
0
Let o(k) = 214*k**2 - 8134*k + 85. Calculate o(38).
9
Let a(c) = -30*c**2 - 482*c - 4. Give a(-16).
28
Let c(z) = -16*z**2 - 85*z + 60. Determine c(-6).
-6
Let r(m) = 23*m + 889. Calculate r(-23).
360
Let u(m) = -49*m + 1293. Calculate u(20).
313
Let j(q) = 2*q**3 - 14*q**2 - 2*q + 11. Calculate j(7).
-3
Let u(p) = -345*p - 1041. Determine u(-3).
-6
Let f(r) = 9*r**2 - 68*r + 98. Calculate f(2).
-2
Let n(g) = -g**2 + 715*g - 9820. What is n(14)?
-6
Let l(x) = 2053*x - 4098. Calculate l(2).
8
Let l(y) = -9*y**2 - 116*y - 453. Give l(-4).
-133
Let w(g) = 807*g - 2380. Determine w(3).
41
Let q(t) = -60*t**3 - 419*t**2 + 3*t - 11. What is q(-7)?
17
Let s(z) = 62*z + 56. Give s(-1).
-6
Let v(d) = -d**2 - 72*d + 1625. Give v(-89).
112
Let j(g) = 7*g**2 - 338*g + 203. Give j(50).
803
Let f(m) = m**3 - 14*m**2 + 20*m - 101. What is f(13)?
-10
Let x(g) = -g**2 + 56*g - 104. What is x(52)?
104
Let u(k) = -k**3 - 12*k**2 - 45*k - 82. Determine u(-8).
22
Let d(g) = 112*g + 5. What is d(-1)?
-107
Let o(z) = -z**3 - 14*z**2 + z + 35. Give o(-5).
-195
Let m(k) = 200*k + 33410. Give m(-167).
10
Let i(b) = 401*b + 2015. Give i(-5).
10
Let k(y) = -y**3 + 5*y**2 + 41*y - 36. Give k(7).
153
Let m(h) = 3*h**3 + 30*h**2 + 65*h + 250. Determine m(-9).
-92
Let b(o) = 134*o - 3474. Calculate b(26).
10
Let o(u) = 9*u**2 - 337*u - 184. Give o(38).
6
Let f(u) = -5*u**3 + 30*u**2 + 10*u - 40. Calculate f(1).
-5
Let k(j) = 2*j**3 - 55*j**2 - 28*j - 22. Calculate k(28).
-22
Let b(c) = 131*c - 28364. Give b(216).
-68
Let c(y) = y**2 - 25*y - 70. Calculate c(23).
-116
Let v(n) = 34*n - 190. Give v(6).
14
Let u(h) = 17*h**2 + 20*h - 64. Determine u(3).
149
Let f(l) = l**2 - 8*l - 64. Give f(13).
1
Let r(z) = -z**2 + 111*z - 4. Give r(0).
-4
Let n(d) = 68*d + 530. Determine n(-12).
-286
Let t(j) = 47*j + 86. What is t(-4)?
-102
Let p(k) = k**2 - 96*k + 1269. Determine p(16).
-11
Let o(c) = -2*c**3 + 27*c**2 + 29*c + 127. What is o(15)?
-113
Let x(n) = 40*n - 35. Determine x(-1).
-75
Let c(k) = -55*k + 1138. Give c(20).
38
Let t(p) = -141*p - 143. Determine t(2).
-425
Let t(p) = 3*p**3 + 39*p**2 - 6*p - 40. Determine t(-13).
38
Let u(o) = -o**3 - o**2 + 71*o + 6. Determine u(-9).
15
Let a(q) = 2*q**3 + 42*q**2 + 78*q + 32. Determine a(-19).
-6
Let w(y) = -4*y**2 - 37*y. What is w(-9)?
9
Let f(y) = y**2 - 67*y - 6529. Determine f(-54).
5
Let c(p) = -28931*p - 173596. What is c(-6)?
-10
Let w(r) = 2576*r + 12863. Determine w(-5).
-17
Let l(n) = 141*n + 1. What is l(-3)?
-422
Let m(x) = x**3 + 27*x**2 + 70*x - 40. What is m(-24)?
8
Let x(v) = 2*v**3 + 71*v**2 + 34*v - 8. Give x(-35).
27
Let h(m) = -1878*m - 1870. What is h(-1)?
8
Let q(o) = 1202*o - 33656. What is q(28)?
0
Let j(c) = 3*c**2 + 4*c - 100. Give j(6).
32
Let v(p) = 4*p**2 - 12*p - 76. Determine v(-6).
140
Let n(i) = -2*i**2 + 23*i + 33. Calculate n(13).
-6
Let l(t) = -91*t + 3279. Calculate l(36).
3
Let a(m) = 2*m**2 + 4*m + 11. Calculate a(-3).
17
Let v(q) = -337*q - 27287. Calculate v(-81).
10
Let s(y) = 62*y - 51. What is s(10)?
569
Let w(d) = -3*d**2 - 77*d + 31. What is w(-23)?
215
Let l(f) = -9*f**3 - f**2 + 5*f + 3. What is l(3)?
-234
Let d(w